*3 + 9*p**2 + 196*p - 647. Give l(18).
-35
Let s(b) = -b**2 - 116163*b + 2788455. Determine s(24).
-33
Let r(d) = 13*d**2 - 73*d - 497. What is r(-4)?
3
Let s(d) = 32*d**3 + 2153*d**2 + 613*d + 429. Give s(-67).
-241
Let l(t) = -28467*t**2 + 170807*t. Calculate l(6).
30
Let l(t) = 3276*t**2 - 3291*t + 21. Give l(1).
6
Let d(j) = j**2 - 63*j - 39. What is d(44)?
-875
Let h(y) = 4*y**2 + 529*y + 16607. Give h(-81).
2
Let m(t) = -t**3 + 18*t**2 + 841*t + 1599. Give m(-2).
-3
Let u(c) = c**2 + 7*c - 336. Calculate u(-35).
644
Let x(u) = 5*u**3 + 692*u**2 - 7893*u + 440. Give x(-149).
-156
Let v(g) = g**2 + 6557*g + 65352. Calculate v(-10).
-118
Let p(c) = -c**3 - 62*c**2 - 276*c - 17105. What is p(-62)?
7
Let t(f) = -f**2 + 239*f + 5407. Give t(260).
-53
Let q(v) = v**2 + 690*v + 118342. Give q(-319).
-7
Let x(n) = 23*n**2 + 696*n - 3410. Calculate x(5).
645
Let j(m) = -m**3 + 166*m**2 - 5606*m + 1529. What is j(119)?
-18
Let n(t) = -12*t**2 - 412*t - 248. What is n(-37)?
-1432
Let w(c) = 30057*c - 180170. What is w(6)?
172
Let g(v) = 89*v**2 + 1149*v + 3417. Determine g(-3).
771
Let a(i) = 50*i**2 - 1. What is a(2)?
199
Let k(u) = -16*u**3 - 347*u**2 + 135*u + 552. Calculate k(-22).
2
Let r(n) = 29*n**2 - 1806*n + 7184. Determine r(58).
-8
Let z(c) = 4*c**2 - 27756*c + 398. Calculate z(0).
398
Let k(r) = 190*r - 43329. Determine k(228).
-9
Let j(s) = 917*s**2 + 13750*s + 3. Calculate j(-15).
78
Let t(o) = -95*o + 5154. Calculate t(53).
119
Let z(p) = -743*p + 28300. Determine z(38).
66
Let u(t) = -1886*t + 231984. Determine u(123).
6
Let x(j) = j**2 + 141*j + 1428. Determine x(-120).
-1092
Let j(s) = -s**3 - 14*s**2 - 34*s - 65. Give j(-14).
411
Let p(g) = 57*g**2 + 6436*g - 573. Calculate p(-113).
-8
Let q(l) = -3*l**3 - 30*l**2 + 44*l + 96. Determine q(-9).
-543
Let c(u) = -446*u - 81210. Determine c(-182).
-38
Let o(b) = -b**3 + 160*b**2 - 5951*b - 114. Give o(59).
358
Let g(b) = -2039*b - 67297. Give g(-32).
-2049
Let t(n) = -n**3 - 766*n**2 - 4494*n + 391. Calculate t(-6).
-5
Let v(p) = 6182*p + 581112. What is v(-94)?
4
Let g(k) = -55139*k - 275699. Calculate g(-5).
-4
Let d(v) = 308129*v - 1540704. What is d(5)?
-59
Let a(j) = -1025*j - 5585. Calculate a(-5).
-460
Let d(r) = -116*r - 22040. What is d(-190)?
0
Let b(s) = 15258*s - 10604307. Calculate b(695).
3
Let c(i) = i**2 + 1138*i + 145482. What is c(-146)?
650
Let t(k) = -136*k + 4043. Calculate t(35).
-717
Let a(s) = -4*s**2 + 18407*s - 128802. Determine a(7).
-149
Let j(x) = 9*x**2 - 806*x - 4931. Calculate j(-6).
229
Let o(c) = -4*c**2 + 1922*c + 9642. Determine o(-5).
-68
Let v(w) = w**3 - 242*w**2 + 70*w + 41207. Calculate v(241).
-4
Let j(y) = 2*y**2 + 136*y - 2126. Determine j(13).
-20
Let j(i) = 398702*i - 2790922. Calculate j(7).
-8
Let k(t) = -10431*t + 385634. Calculate k(37).
-313
Let q(u) = -349734*u - 2448115. Give q(-7).
23
Let o(h) = -h**2 - 75*h + 16184. Determine o(95).
34
Let i(m) = 5287*m + 190359. Give i(-36).
27
Let q(k) = k**2 - 585*k + 43994. What is q(88)?
258
Let w(k) = k**2 + 6413*k + 127419. Give w(-20).
-441
Let v(c) = -125775*c + 5911414. What is v(47)?
-11
Let n(u) = -61*u**2 + 116160*u - 146537. Determine n(1903).
-6
Let r(j) = -2*j**2 - 672*j - 24390. Determine r(-294).
306
Let n(l) = -l**2 - 1471*l + 115942. Calculate n(75).
-8
Let y(j) = 24*j**2 - 3305*j + 2349. Give y(137).
20
Let v(a) = 4*a**2 - 75*a + 344. What is v(8)?
0
Let h(q) = -q**3 - 277*q**2 - q - 109. What is h(0)?
-109
Let u(w) = 201*w + 1636. Calculate u(-17).
-1781
Let j(u) = -u**3 - 6599*u**2 - 4299778*u + 10. Give j(-733).
10
Let y(v) = 5*v**3 - 155*v**2 + 178*v - 28. Give y(30).
812
Let u(c) = 30*c**3 + 5*c**2 - 53*c + 144. Calculate u(3).
840
Let n(z) = 11523*z + 115235. Give n(-10).
5
Let h(g) = g**3 + 40*g**2 - 1652*g - 66400. Determine h(-41).
-349
Let n(q) = 18*q**2 + 1748*q + 183. Determine n(-97).
-11
Let r(p) = -202067*p + 404130. Calculate r(2).
-4
Let r(f) = 9*f**3 + 40*f**2 - 893*f - 1901. Calculate r(-2).
-27
Let i(m) = 11*m**2 + 12088*m + 107900. Give i(-9).
-1
Let f(b) = b**3 + 25*b**2 + 7*b - 3. Determine f(0).
-3
Let u(t) = -4*t**3 - 18*t**2 - 3213*t + 3231. Calculate u(1).
-4
Let x(l) = -l**3 - 13*l**2 - 139*l - 1173. What is x(-10)?
-83
Let j(z) = -z**3 + 26*z**2 - 112*z - 385. Calculate j(12).
287
Let r(l) = -l**3 + 49*l**2 - 575*l + 504. Give r(31).
-23
Let k(l) = l**3 - 111*l**2 - 4060*l - 10. Determine k(-29).
-10
Let a(r) = 3*r**2 - 434*r - 495. Determine a(146).
89
Let g(d) = d**2 + 167*d + 1281. Give g(-161).
315
Let l(v) = -2*v**3 - 216*v**2 + 1185*v - 20866. Calculate l(-114).
-4
Let l(h) = -36*h**2 - 18*h + 164. Determine l(-3).
-106
Let p(w) = -44*w**3 - 4*w**2 + 3097*w - 3092. What is p(1)?
-43
Let g(a) = 78*a + 1129. Determine g(-12).
193
Let j(c) = -123592*c + 247176. Give j(2).
-8
Let y(n) = -2*n**2 - 177*n + 1911. Give y(-99).
-168
Let u(m) = -2244*m + 73818. Determine u(33).
-234
Let p(c) = -99*c**3 - 20*c**2 - 79*c - 78. Determine p(-1).
80
Let f(z) = -2*z**3 - 191*z**2 - 1154*z + 221. Give f(-89).
-46
Let m(f) = 872*f - 135089. Give m(155).
71
Let c(p) = -2*p**3 - 9*p**2 + 12*p + 141. What is c(-5)?
106
Let m(s) = 41*s**2 - 1005*s - 3966. Determine m(-4).
710
Let k(v) = -852*v**2 + 235*v - 488. Give k(2).
-3426
Let a(y) = 119*y**3 + 4763*y**2 + 163*y + 1711. Calculate a(-40).
-9
Let b(y) = -2*y**3 - 26*y**2 + 3*y + 170. Give b(-12).
-154
Let v(m) = -370*m - 1424. Calculate v(0).
-1424
Let x(t) = 54*t**3 + 21*t**2 + 179*t - 201. What is x(1)?
53
Let j(t) = 2*t**3 - 168*t**2 + 1674*t + 49. Calculate j(11).
797
Let z(m) = -3*m**2 - 2*m + 4085. Give z(52).
-4131
Let l(c) = -52*c**2 + 525*c - 419. Calculate l(9).
94
Let a(f) = -f**2 - 664*f - 24884. Determine a(-40).
76
Let v(x) = 3*x**3 - 12*x**2 - 27*x - 35. What is v(6)?
19
Let u(a) = 3*a**2 - 22044*a + 44082. Calculate u(2).
6
Let j(o) = 8369*o + 50004. Determine j(-6).
-210
Let b(c) = 3*c**2 - 866*c - 7436. Determine b(297).
-11
Let z(k) = 3*k**3 + 104*k**2 - 261*k - 42. Calculate z(-37).
32
Let b(u) = -32*u**2 - 814*u - 4915. Determine b(-10).
25
Let o(w) = w**3 + 4*w**2 - 105*w + 364. Give o(5).
64
Let g(s) = -10089*s - 20215. Determine g(-2).
-37
Let a(j) = -70813*j + 30803661. Give a(435).
6
Let s(p) = -p**3 + 13*p**2 + 85*p - 674. Determine s(14).
320
Let g(b) = -4*b**3 - 2*b**2 + 9*b + 13. Determine g(-1).
6
Let t(n) = 489*n - 923. Determine t(-2).
-1901
Let f(j) = 7*j**3 + 24*j**2 - 117*j + 6. What is f(4)?
370
Let n(q) = 2*q**3 - 63640*q**2 + 1208439*q - 12. What is n(19)?
7
Let h(n) = 2831*n**2 - 16977*n - 71. Calculate h(6).
-17
Let q(b) = -3*b**3 + 1438*b**2 + 3853*b + 1435. Determine q(482).
-11
Let u(y) = -3*y**2 + 331*y - 2794. Determine u(9).
-58
Let y(r) = -774*r - 9381. Give y(-12).
-93
Let w(s) = -s**3 - 1533*s**2 + 24946*s - 2591. Determine w(16).
1
Let i(l) = 4*l**3 - 3*l**2 + 5224*l - 15653. What is i(3)?
100
Let b(k) = -k**3 - 284*k**2 - 2453*k + 6130. Calculate b(-275).
80
Let u(y) = -373*y + 1497. Calculate u(4).
5
Let v(f) = 147*f**2 - 5*f + 3. Determine v(0).
3
Let h(o) = 10*o**3 + 341*o**2 - 663*o + 732. Determine h(-36).
-24
Let b(g) = 5539*g - 105825. What is b(19)?
-584
Let n(c) = 17*c**3 + 156*c**2 + 15*c - 111. What is n(-9)?
-3
Let q(v) = -v**3 + 31*v**2 + 56*v - 766. Determine q(32).
2
Let c(v) = 8*v**3 + 2*v**2 + 4822*v + 24088. Calculate c(-5).
-972
Let r(m) = -m**3 - 132*m**2 + 3411*m + 3732. Determine r(-154).
190
Let k(l) = -91056*l - 637210. What is k(-7)?
182
Let t(p) = -23851*p - 286240. What is t(-12)?
-28
Let k(a) = -2*a**3 + 583*a**2 - 5351*a - 2012. What is k(282)?
-38
Let g(l) = 3512*l - 3581. Calculate g(1).
-69
Let x(h) = -31*h**3 - 150*h**2 + h - 117. Determine x(0).
-117
Let a(k) = k**3 - 112*k**2 - 275*k - 8072. Calculate a(115).
-22
Let x(r) = 106*r**2 - 2062*r + 322. What is x(19)?
-590
Let x(r) = -2*r**3 + 1243*r**2 + 5636*r - 2305. What is x(626)?
-1053
Let o(n) = 2*n**3 + 678*n**2 - 87*n - 29469. Calculate o(-339).
24
Let k(m) = -m**2 + 234*m + 104653. Calculate k(-227).
6
Let z(f) = 1702*f + 14655. What is z(-11)?
-4067
Let f(r) = 14*r**3 + 2*r**2 + 6*r - 35. Give f(5).
1795
Let r(t) = t**3 - 17*t**2 + 57*t - 2395. Calculate r(20).
-55
Let n(w) = -w**3 + 9*w**2 - 38*w + 108. Give n(10).
-372
Let n(r) = -15688*r - 62703. Determine n(-4)